et q(b) be the second derivative of -b**4/12 + 25*b**3/6 + 124*b**2 + 3*b + 13. What is the units digit of q(27)?
4
Suppose -10*v + 21*v = 9*v + 30290. What is the hundreds digit of v?
1
Let w be (-1)/(-5) - (-116280)/100. Let c = -662 + w. What is the tens digit of c?
0
Let t(a) be the first derivative of -25*a**2/2 + 35*a - 56. What is the tens digit of t(-6)?
8
Suppose -4*l - 879 = -c + 2475, -c - 4*l + 3362 = 0. What is the tens digit of c?
5
Suppose 1523 = 7*o - 31. What is the tens digit of ((-3)/18)/((-1)/o)?
3
Let h = 25176 - 15025. What is the hundreds digit of h?
1
Let c be -5 + (-48)/(-9) + 1/(-3). Let d(x) = -2*x**2 - x + 24. Let p be d(c). Let a = p + -20. What is the units digit of a?
4
Let m be 0 - 535/(-25) - (-2)/(-5). Suppose -2157 = 18*w - m*w. What is the hundreds digit of w?
7
Let o(u) = -u**3 + 13*u**2 + 2*u + 160. What is the tens digit of o(-17)?
9
Let f = 35 + 47. Suppose 5*z - 10*z = -15. Suppose f = z*q - 32. What is the units digit of q?
8
Suppose 16075 = 40*s - 134005. What is the hundreds digit of s?
7
Let b be (-7)/(-3)*(-1470)/5. Let h = b - -1419. What is the hundreds digit of h?
7
Let a(c) = 413*c**2 + 5*c + 2. Let n be a(-2). Let l be -2 + n/15 - 9/15. Suppose l = 4*h - 81. What is the units digit of h?
7
Let m = -652 + 333. Let a = -138 - m. What is the hundreds digit of a?
1
Let u = 657 + -615. Suppose u*v - 5480 = 34*v. What is the hundreds digit of v?
6
Suppose -38 = 17*o + 47. What is the units digit of 26*(o + (-82)/(-4))?
3
Let h = -340 + 796. Suppose -5*f = -8*r + 10*r - 1182, 2*f + 5*r = h. What is the hundreds digit of f?
2
Let h be 3856/3 + (-1)/9*3. What is the tens digit of -3*(h/10)/((-9)/6)?
5
Let g(j) = -3*j - 54. Let y be g(-18). What is the units digit of -355*(6/(-10) - y) - 1?
2
Let i(v) = 5*v**2 + 14*v + 367. What is the units digit of i(34)?
3
Let f = 7303 + -1947. What is the units digit of f?
6
Suppose 16*u - 18*u = -2*x - 11810, -3*u = 4*x - 17722. What is the units digit of u?
6
Let k = -1657 - -2157. What is the tens digit of k?
0
Suppose -4*k = -242*o + 245*o - 76187, -3*k + 3*o + 57114 = 0. What is the tens digit of k?
4
Let w(y) = y + 4. Let k be w(-1). Suppose 0 = -4*j - 0*j - 2*i + 446, -k*j + i + 337 = 0. Suppose 5*c - 8 = j. What is the tens digit of c?
2
Let s(x) = -2*x**3 + 174*x**2 - 113*x - 90. What is the units digit of s(86)?
4
Suppose 9 = -11*q + 75. Suppose -q*l - 14 = -7*l. Let u(i) = 2*i + 35. What is the units digit of u(l)?
3
Let y(d) = d**3 - 37*d**2 - 232*d - 241. What is the tens digit of y(46)?
3
Let g = -155 - -159. Suppose 0 = 4*l - g*j - 833 - 259, 3*l = -3*j + 831. What is the units digit of l?
5
Suppose 0 = 5*c - 28 + 53. Let l be (-777)/(-28)*c/((-15)/8). Suppose 78*f = l*f + 812. What is the hundreds digit of f?
2
Let t = 385 - 384. Suppose -2*g = -2*w + 18, 2*g = -2*w + t + 9. What is the units digit of w?
7
Let l be ((-12)/1)/(-3) + 3. What is the hundreds digit of l/14 + (-6395)/(-10)?
6
Suppose -m + 6 = p + 3*m, 2*m - 30 = -5*p. What is the hundreds digit of (4437/p - 7)*4/5?
5
Suppose 0 = 11*x - 7*x - 20. Suppose 38 - 93 = -x*g. Suppose g*i = 13*i - 328. What is the tens digit of i?
6
Suppose 60*u = -84*u + 1060416. What is the units digit of u?
4
Suppose -14*p + 11*p - 13*p + 166752 = 0. What is the thousands digit of p?
0
Let f = 80 - 74. Let h be ((-835)/50*-5)/(1/f). Suppose h = 8*z - 371. What is the tens digit of z?
0
What is the thousands digit of ((-76)/(-12))/((16 + -10)/5634)?
5
Suppose 224 = -6*m - 214. Let g = m - -318. What is the hundreds digit of g?
2
Let j be (-537)/4*184/(-69). Suppose f = 2, 4*i = 5*i + 2*f - j. Suppose 2*w - 224 = -5*x + 7, 0 = -3*w - 5*x + i. What is the hundreds digit of w?
1
Let k = -180 - -124. Let h = 60 + k. Suppose -4*v + 815 = 5*u + v, h*v + 173 = u. What is the tens digit of u?
6
Suppose o + 4*m = 1168, -4*m = o - 7*m - 1161. Let s = 1966 - o. What is the hundreds digit of s?
8
Let z = 311 - 276. Suppose 4289 = 5*c - 3*t, z = c + t - 818. What is the tens digit of c?
5
Suppose 180 = 3*i - 2*w, w - 229 = -5*i + i. Suppose -47 = -3*c + i. What is the tens digit of c?
3
Let b(j) = 3*j**2 - 4*j - 8. Let y be b(2). Let l(c) = -10*c**3 + 8*c**2 + 16*c - 4. What is the hundreds digit of l(y)?
7
Let j be (-2)/(-1 + 5)*0. Suppose j = 5*q - 3 - 227. Suppose 51*k = q*k + 195. What is the tens digit of k?
3
Suppose 4*r + 91944 - 6532 = g, -5*r = -2*g + 170842. What is the ten thousands digit of g?
8
Let j be (-2)/(-8) + 1412/(-16). Let b = j + 88. Suppose 3*d + 2*q = 615, b = -4*d - 2*q + 467 + 351. What is the tens digit of d?
0
Let u(o) = -2*o**3 - 105*o**2 - 10*o + 45. What is the tens digit of u(-53)?
8
Let c(q) = 15*q**2 + 292*q - 276. What is the thousands digit of c(40)?
5
Suppose 3379 = 5*y + 3*l - 4405, 0 = y + 3*l - 1564. Suppose 10*q - y = 1725. What is the tens digit of q?
2
Let j(r) = 4*r + 25. Let y = -143 - -150. Let w = y + -5. What is the tens digit of j(w)?
3
Suppose 3*t = 7493 + 4102. What is the hundreds digit of t?
8
Suppose 0 = -2*w + 303 + 11129. What is the hundreds digit of w?
7
Suppose 0 = 5*k + 4*d + 810 + 158, 5*d - 182 = k. Let t be ((-8)/(k/40))/((-1)/(-3)). Suppose t*f + 2*j - 330 = f, 0 = 4*j - 12. What is the tens digit of f?
8
Let u(x) = 15*x**3 - 25*x**3 + 27 - 2*x + 11*x**2 + 9*x**3. Let f be u(11). What is the units digit of (-6*(-6)/(-27))/(f/(-75))?
0
Suppose 2*x + 21176 + 16498 = 3*d, 5*d - 5*x = 62780. What is the units digit of d?
2
Let n(f) = f - 9. Let l be n(11). Suppose 0 = -l*y - 5*w - 75, 3*y = -2*y + w - 228. What is the units digit of (-36)/y*115/2?
6
Let w = 17 - 17. Let n be 2/(-4)*(w - 2290). What is the tens digit of (-12)/(-16) + n/4?
8
Suppose 98*p - 440 = 97*p. Suppose -p = -l - 5*x, 0*l - l = 4*x - 444. What is the units digit of l?
0
Let x(f) = -27*f**2 + 32. Let u(i) = i**2 + 2. Let n(m) = 5*u(m) - x(m). What is the units digit of n(-4)?
0
What is the thousands digit of (-3)/12*10*(-4 + 111228/(-30))?
9
Let v(b) = 5*b**3 - 60*b**2 + 204*b. What is the thousands digit of v(22)?
8
Suppose -768 - 4359 = -3*f. What is the hundreds digit of f?
7
Let x be 96/15*45/18. What is the tens digit of 2388/16*1/(6/x)?
9
Suppose 2*f = 5*d - 39, -5*f - 45 = -5*d - 0*f. What is the units digit of (2 - 0 - d)*1296/(-27)?
0
Let b = -26 + 31. Suppose x = 2*l + 1, b*x = 3*l + x + 14. Suppose k - 45 = 5*d, 4*d + 267 = 3*k + l*k. What is the tens digit of k?
5
Let b be (-1)/3 - 5574/18. Let i = b - -610. Suppose 4*q = -32 + i. What is the tens digit of q?
6
Let o(r) = r**3 + 10*r**2 + 8*r + 62. What is the units digit of o(15)?
7
Let q(j) = -j**3 + j - 1. Let c(m) = 4*m**3 - 15*m**2 - 15*m + 30. Let p(a) = -c(a) - 5*q(a). What is the tens digit of p(-11)?
4
Suppose 4*m - 46426 = -3*p, p - 3*p + 30967 = 5*m. What is the units digit of p?
6
Let d be 591/19 + (-14)/133. Suppose b = -l + 28 + d, 5*l - 286 = -2*b. What is the tens digit of l?
5
Let p(o) = -o**3 + 2*o**2 + 3*o + 2. Let c be p(3). Let l(s) = 8*s**c + 0*s**3 - s**3 + 11*s**2 - 10*s - 23 + 0*s**3. What is the hundreds digit of l(18)?
1
Let s(n) = 33*n**2 - 13*n - 48. Let f be s(-5). Let q = 1229 - f. What is the tens digit of q?
8
Let x = -73 - -76. Suppose 3*p + x*p = 1086. Suppose p = 7*w - 6*w. What is the hundreds digit of w?
1
Suppose 521370 + 1834329 = 40*r + 597299. What is the units digit of r?
0
Let r be (-9 + 1193)/(4/6). What is the units digit of (0 + r/4)/(-1 + 3)?
2
Let d = -827 - -835. What is the thousands digit of (3 + 1)/d + 6610/4?
1
Suppose -b + 71 = h, -4*h - 6*b + 324 = -10*b. Suppose -h + 3700 = 24*m. What is the tens digit of m?
5
Let c = -682 - -6. Let z = 950 + c. What is the units digit of z?
4
Let q be 420/(-8)*28/24*-4. Let g = -225 + q. What is the tens digit of g?
2
What is the units digit of 42/441*-3*-61418?
8
Suppose -151*n = -144*n - 14. What is the units digit of 6/8*(-1 + 90/n)?
3
Let k be (-236)/(-5) + (-8)/(-10). Suppose -m - k = 3*m. What is the units digit of (m/(-10))/((-6)/(-260))?
2
Let p(m) = -56*m - 6. Let v = 65 - 17. Let q = v + -49. What is the units digit of p(q)?
0
Let t = 276 - 266. Suppose -8431 = -t*l + 7579. What is the hundreds digit of l?
6
Let f(h) = 2344*h - 658. What is the thousands digit of f(4)?
8
Suppose -80*g = -2714392 - 500328 + 959040. What is the th